 - 9. Let z be 13/r - (-3)/(-9). Calculate the greatest common factor of z and y.
4
Let n be (-4)/10*(-75)/6. What is the highest common divisor of n and 5?
5
Suppose -3*j - 3*t = 2*j - 33, 4*j = -5*t + 29. Let x(p) = 6*p + 14. Let o be x(j). Calculate the greatest common factor of o and 20.
10
Let l = 167 - 65. Calculate the greatest common factor of l and 153.
51
Suppose -h = -4 + 1. Suppose -19 = -5*q + 6, 4*u - 7 = 5*q. Suppose -u*t = -h*t - 300. Calculate the highest common factor of t and 40.
20
Suppose -40 = 4*z - 2*z. Let i be (-402)/(-10) - (-4)/z. Calculate the highest common factor of i and 16.
8
Let z(r) = r. Let g be z(-3). Let w(l) = l**3 - 4*l**2 + 1. Let b be w(g). Let d = b - -179. Calculate the highest common divisor of d and 13.
13
Let b be (1 + -1 + -3)*-9. Let a = 3 + b. Let z = -18 - -38. What is the greatest common divisor of a and z?
10
Let u(g) = -4*g - 1. Let m be u(-1). Suppose -y - m*y = -264. Let p = 15 + y. What is the greatest common factor of 9 and p?
9
Suppose -7 = -3*n - 4*l, 0*n + 3*l + 1 = -n. Suppose n*x - 134 = 1. What is the highest common divisor of x and 54?
27
Let d(b) = b**3 - 7*b**2 + 11*b + 3. Let p be d(5). Calculate the greatest common factor of p and 8.
8
Let z(r) = -r**2 + 7*r + 60. Let k be z(11). Let v = -74 - -124. Suppose 3*f - v - 22 = 0. What is the highest common factor of k and f?
8
Suppose -3*s + 5 = -1. Suppose -i + 9 = s*i. What is the greatest common divisor of 33 and i?
3
Let w(n) = n - 1. Let v(j) = j - 2. Let u(t) = -6*v(t) + 7*w(t). Let q be u(-4). What is the greatest common divisor of q and 2?
1
Suppose -5*u - 37 = -232. Suppose u = 4*j - 3*n + 1, -j + 1 = -5*n. Calculate the greatest common factor of j and 77.
11
Suppose 5*j - 15 = 0, q - 4*j = j - 7. Suppose -2*o - q = -6*o. Suppose 3*x - 84 = -2*i, 0*x = x - o*i - 36. Calculate the highest common factor of 45 and x.
15
Suppose -3*g + 2*u = u - 131, 5*g + 5*u = 225. Let z(o) = -11*o - 11. Let i be z(-11). Calculate the greatest common factor of g and i.
22
Let p be (-2)/(-7) - (-1186)/14. Calculate the highest common divisor of p and 34.
17
Let h(q) be the first derivative of -q**3/3 + 7*q**2/2 + 4*q + 3. Let k be h(6). Let d be (16/(-20))/((-1)/k). What is the greatest common divisor of d and 2?
2
Suppose 7*k - m - 181 = 4*k, -m = -5. Let u be (-4)/(-22) + k/22. What is the greatest common divisor of 6 and u?
3
Let g be -1*12/8*-34. Let m = -27 + g. What is the greatest common divisor of m and 24?
24
Let y(h) = 16*h - 20. Let x be y(2). What is the highest common factor of 3 and x?
3
Suppose -4*w + 15 = -w. Suppose 0 = -0*h - w*h. Suppose h = -r - 0*r + 16. Calculate the highest common factor of r and 16.
16
Suppose h - 5*x = 15, -h + 0*x - 9 = 3*x. Let b(u) = u + 2. Let s be b(h). Let r be 8*(-1)/(8/(-18)). What is the highest common divisor of s and r?
2
Suppose 4*i = -5*g - 2 - 10, 22 = i - 5*g. Let r be (-1)/i*(8 - 152). Suppose 0 = -3*n + r. Calculate the greatest common factor of n and 3.
3
Suppose 0 = -5*k + 355 - 40. What is the greatest common factor of k and 7?
7
Let v(r) = -r + 3. Let k be v(0). Let i = k - -39. Suppose -3*s + 12 + i = 3*n, -76 = -5*n + 2*s. What is the highest common factor of 40 and n?
8
Suppose 3*a + 0*a - 3 = 0. Suppose -x + l = 2*x + 3, 2*x + 5*l = 15. Let d be (x - (-2 - 6))*a. What is the greatest common factor of 48 and d?
8
Let z be (-16)/3*(1 - 34/4). What is the greatest common divisor of z and 10?
10
Let x be (-4)/10 - (-274)/10. Suppose -4*h + 56 = 4*y, y - 3*h - 9 = 13. Let o = x - y. Calculate the greatest common divisor of o and 44.
11
Let h be (1 - (-12 + 2))*10. What is the greatest common factor of h and 10?
10
Let y(x) = 5*x**3 - x**2 + x. Let o be y(1). Let v(j) = -j**3 - 4*j**2 + 4*j + 7. Let r be v(-6). What is the highest common factor of o and r?
5
Let i be ((192/(-10))/(-4))/((-9)/(-60)). What is the greatest common factor of 128 and i?
32
Suppose 5*s = -0*s + 80. Let h = 3 + s. What is the highest common factor of h and 209?
19
Let a be (15/(-2))/((-15)/80). Suppose -5*y - 4*w = -32, 0 = y - 4*y + w + 26. What is the highest common divisor of a and y?
8
Suppose 59 = -m + 262. What is the greatest common factor of m and 29?
29
Suppose 4*n + 6 = n. Let s be 6*n/5*-5. Let t = 36 + -12. Calculate the highest common divisor of s and t.
12
Let q = 90 - 139. Let r = 17 - q. What is the greatest common factor of 33 and r?
33
Suppose 3*s - 25 = -4*f, -3*f - 4 = -4*f. Calculate the highest common factor of s and 27.
3
Let l = 116 - 36. Let t(k) = 1 - 1 + 0 + 2 + 4*k. Let y be t(2). Calculate the highest common factor of l and y.
10
Let w(u) = u**2 + 5*u - 9. Let p be w(-7). Suppose 0 = 3*c - p*k - 63 - 158, 3*c + 5*k = 211. What is the greatest common divisor of 9 and c?
9
Suppose -74 = -3*t + w + w, 0 = -5*t - 3*w + 98. Let z be (-22)/6*30/(-2). What is the greatest common divisor of z and t?
11
Let v be 18 + (-2 - -4*1). Let q(a) = 6*a + 2. Let b be q(-2). Let o = 18 + b. What is the highest common divisor of o and v?
4
Let s(q) = q**2 + q - 4. Let n be s(-4). Let v = n - -5. Suppose f = -3*f + 52. What is the highest common factor of v and f?
13
Let m(z) be the first derivative of z**3/3 - z**2 + 2*z - 4. Let j be m(4). Calculate the highest common divisor of j and 15.
5
Let t(z) = 5*z**2 - 2*z + 1. Let v be t(1). Suppose m + v*m - 90 = 0. What is the highest common factor of 54 and m?
18
Suppose -4*d + 61 = u, -4*u = 2*d - 19 - 29. Let r(p) = p + 2*p + 10*p**2 - 2*p + 7*p**2. Let m be r(2). Calculate the greatest common divisor of d and m.
14
Let j(r) = r**3 - 18*r**2 + r + 17. Let x be j(18). Calculate the highest common factor of x and 14.
7
Let q(z) = 8*z**2 + 2*z - 2. Let y be q(1). Suppose 3*i - y*i - h = -113, -4*h = -12. What is the highest common factor of 88 and i?
22
Let q(w) = -w**2 + w + 7. Let b be q(0). Suppose -b + 27 = 5*s. What is the highest common factor of s and 32?
4
Let k be (-3 - -7) + (-4 - -3) + 3. Calculate the greatest common factor of 8 and k.
2
Let d be (-174)/(-10) - 2/5. Suppose -2*h = 111 - 485. What is the greatest common divisor of d and h?
17
Suppose 44 + 1 = 3*x. What is the highest common divisor of x and 20?
5
Suppose 0 = -3*h + r + r + 43, 2*h - 4*r = 18. Let z be 2 + 85 + (-2 - 0). What is the greatest common divisor of z and h?
17
Let b = 9 - 9. Suppose b = o - u - 13, -2*o + 44 = -5*u + 3. Calculate the greatest common factor of o and 32.
8
Let k be (102/(-2))/((-2)/2). What is the greatest common divisor of k and 561?
51
Let g be ((-2)/(-1))/((-2)/4). Let t be ((-54)/(-4))/((-2)/g). What is the greatest common divisor of 3 and t?
3
Let b(x) = 2*x**2 - 3*x + 22. Let n be b(-11). Calculate the greatest common factor of 27 and n.
27
Let q(m) = 34*m**2 - m - 4. Let h be q(2). What is the greatest common factor of 52 and h?
26
Let r(j) = 2*j**2 + 9*j + 1. Let b be r(-6). Let p = 34 - b. Calculate the highest common divisor of p and 60.
15
Let q be (2 + 1)*(-1159)/(-183). Let v = -222 - -89. Let x = v + 304. What is the highest common factor of x and q?
19
Let d = 42 + -25. Let c = 214 - 27. Calculate the greatest common divisor of c and d.
17
Let q(m) = m**2 - m + 2. Let u be q(5). Let y = -4 + 6. Suppose 3*a = -o + 4, y = -2*a - 2*a - 5*o. What is the greatest common divisor of u and a?
2
Let n = -7 + 2. Let s = 14 + n. Let p = s + 5. Calculate the highest common divisor of 7 and p.
7
Let h be (54/(-45))/((-3)/20). What is the highest common divisor of h and 12?
4
Let a be (1 - (-9)/(-5))*-15. Let h(f) = 3 + f**2 - f + 2*f - f - 8*f. Let w be h(11). Calculate the highest common divisor of w and a.
12
Let u(j) = j**3 + 12*j**2 + 11*j + 2. Let i be u(-11). Let c be -2 + (1*-4 - 0). Let v be (-2)/c - 8/(-12). Calculate the greatest common divisor of i and v.
1
Let n be 12/24*(1 - -7). Suppose n*y + z = 137, -5*y - 6*z + 2*z = -163. Calculate the highest common factor of y and 70.
35
Suppose 0 = 3*n + a - 137, -15 - 80 = -2*n + 3*a. What is the highest common factor of n and 69?
23
Let l(d) be the third derivative of d**4/24 + 13*d**3/6 - 2*d**2. Let m be l(0). Calculate the highest common factor of m and 65.
13
Suppose 2*d + 4*v = -8, 0 = 5*d + 6*v - 4*v + 12. Let u be (d + (2 - -1))*3. What is the greatest common divisor of u and 2?
1
